vide 1084?
False
Is 1215 even?
False
Does 46 divide 3358?
True
Is 14541 a multiple of 41?
False
Does 21 divide 2982?
True
Is 5733 a multiple of 9?
True
Is 957 a multiple of 19?
False
Is 297 a multiple of 9?
True
Does 33 divide 1122?
True
Does 12 divide 1848?
True
Does 12 divide 396?
True
Is 2560 a multiple of 98?
False
Does 5 divide 1735?
True
Does 290 divide 4526?
False
Does 11 divide 704?
True
Does 110 divide 2860?
True
Is 3 a factor of 145?
False
Does 57 divide 285?
True
Does 25 divide 525?
True
Is 88 a factor of 11314?
False
Does 36 divide 38940?
False
Does 59 divide 8024?
True
Is 12 a factor of 510?
False
Is 43992 a multiple of 13?
True
Is 3 a factor of 93?
True
Is 157 a factor of 57462?
True
Is 60389 a multiple of 23?
False
Is 9 a factor of 4392?
True
Is 14 a factor of 5922?
True
Is 231 a factor of 31416?
True
Does 5 divide 79?
False
Is 5509 a multiple of 12?
False
Is 34 a factor of 6392?
True
Is 2 a factor of 7015?
False
Is 225 a multiple of 15?
True
Is 544 a multiple of 34?
True
Is 73 a factor of 709?
False
Is 1379 a multiple of 7?
True
Is 2352 a multiple of 18?
False
Is 95 a multiple of 21?
False
Does 26 divide 832?
True
Is 33 a factor of 4442?
False
Is 10153 a multiple of 13?
True
Does 6 divide 234?
True
Does 24 divide 2688?
True
Does 24 divide 7792?
False
Is 21 a factor of 683?
False
Does 225 divide 13275?
True
Is 86 a factor of 23798?
False
Does 3 divide 24?
True
Is 442 a multiple of 13?
True
Does 9 divide 504?
True
Does 9 divide 2807?
False
Does 15 divide 789?
False
Is 4131 a multiple of 27?
True
Does 69 divide 6348?
True
Is 7 a factor of 469?
True
Is 395 a multiple of 9?
False
Does 55 divide 3792?
False
Does 12 divide 776?
False
Does 279 divide 5859?
True
Is 64 a factor of 1177?
False
Is 576 a multiple of 36?
True
Is 62984 a multiple of 141?
False
Is 11 a factor of 8382?
True
Does 118 divide 175?
False
Is 19 a factor of 798?
True
Does 12 divide 732?
True
Does 21 divide 525?
True
Is 8 a factor of 2352?
True
Is 24 a factor of 966?
False
Is 61 a factor of 9577?
True
Does 70 divide 19390?
True
Does 42 divide 2772?
True
Does 71 divide 8733?
True
Is 42645 a multiple of 15?
True
Is 65 a factor of 95030?
True
Is 1506 a multiple of 29?
False
Is 57136 a multiple of 122?
False
Is 31 a factor of 35878?
False
Is 322 a multiple of 14?
True
Is 168 a multiple of 7?
True
Is 15 a factor of 1170?
True
Is 12468 a multiple of 11?
False
Is 3927 a multiple of 21?
True
Is 168 a factor of 82504?
False
Is 7 a factor of 1589?
True
Does 32 divide 205?
False
Is 5299 a multiple of 17?
False
Is 2501 a multiple of 3?
False
Is 47 a factor of 32947?
True
Does 4 divide 213?
False
Is 9440 a multiple of 55?
False
Is 4736 a multiple of 128?
True
Is 9168 a multiple of 24?
True
Is 33 a factor of 3366?
True
Is 8 a factor of 1480?
True
Is 8 a factor of 144?
True
Does 38 divide 570?
True
Is 892 a multiple of 7?
False
Does 18 divide 9774?
True
Is 31 a factor of 3568?
False
Is 7819 a multiple of 86?
False
Is 15 a factor of 10095?
True
Does 18 divide 1014?
False
Does 73 divide 14746?
True
Does 24 divide 792?
True
Is 220 a multiple of 11?
True
Is 910 a multiple of 91?
True
Is 13 a factor of 1183?
True
Does 22 divide 6396?
False
Does 97 divide 6435?
False
Is 20982 a multiple of 78?
True
Is 7857 a multiple of 19?
False
Is 111 a factor of 5283?
False
Is 7 a factor of 1571?
False
Is 6553 a multiple of 36?
False
Does 9 divide 350?
False
Is 5270 a multiple of 8?
False
Is 27927 a multiple of 29?
True
Is 23 a factor of 33729?
False
Is 18 a factor of 5868?
True
Is 7 a factor of 419?
False
Is 160 a factor of 69120?
True
Is 2390 a multiple of 104?
False
Is 629 a multiple of 13?
False
Is 8774 a multiple of 41?
True
Does 14 divide 406?
True
Does 22 divide 12642?
False
Does 18 divide 4526?
False
Is 52 a factor of 2247?
False
Is 14 a factor of 3160?
False
Does 14 divide 2569?
False
Is 1272 a multiple of 159?
True
Is 138 a factor of 828?
True
Is 15846 a multiple of 48?
False
Does 4 divide 2416?
True
Is 17 a factor of 3570?
True
Is 2576 a multiple of 16?
True
Is 12 a factor of 879?
False
Is 3866 a multiple of 62?
False
Is 13 a factor of 364?
True
Does 17 divide 20?
False
Is 12 a factor of 992?
False
Is 27 a factor of 17010?
True
Is 3 a factor of 1655?
False
Is 14 a factor of 594?
False
Does 65 divide 5396?
False
Does 14 divide 1064?
True
Is 170 a multiple of 17?
True
Is 10 a factor of 613?
False
Does 73 divide 949?
True
Does 26 divide 12277?
False
Is 7 a factor of 322?
True
Is 18009 a multiple of 11?
False
Is 9658 a multiple of 306?
False
Does 53 divide 1643?
True
Is 3150 a multiple of 210?
True
Is 69 a factor of 1242?
True
Is 19 a factor of 722?
True
Is 2984 a multiple of 155?
False
Does 110 divide 16723?
False
Does 11 divide 5806?
False
Is 87 a factor of 57333?
True
Does 17 divide 186?
False
Does 51 divide 1173?
True
Is 326 a multiple of 11?
False
Is 6639 a multiple of 19?
False
Is 22 a factor of 8168?
False
Is 87 a factor of 22446?
True
Is 53105 a multiple of 19?
True
Is 1802 even?
True
Is 6 a factor of 24902?
False
Is 35 a factor of 1995?
True
Is 1768 a multiple of 17?
True
Is 12676 a multiple of 4?
True
Is 16352 a multiple of 32?
True
Is 1040 a multiple of 13?
True
Does 8 divide 104?
True
Is 41 a factor of 164?
True
Is 745 a multiple of 2?
False
Is 12300 a multiple of 82?
True
Is 380 a multiple of 31?
False
Is 58739 a multiple of 68?
False
Is 118 a factor of 7717?
False
Is 1619 a multiple of 54?
False
Does 3 divide 1062?
True
Is 89 a factor of 1700?
False
Is 9507 a multiple of 15?
False
Is 17 a factor of 1394?
True
Is 59596 a multiple of 317?
True
Is 15 a factor of 1248?
False
Does 41 divide 2349?
False
Does 4 divide 991?
False
Is 1005 a multiple of 32?
False
Is 52 a factor of 2028?
True
Is 9 a factor of 451?
False
Is 4 a factor of 14234?
False
Is 611 a multiple of 17?
False
Is 66 a factor of 1925?
False
Does 5 divide 452?
False
Is 3 a factor of 48?
True
Is 4309 a multiple of 29?
False
Does 10 divide 5370?
True
Is 228 a multiple of 15?
False
Is 9 a factor of 454?
False
Is 6435 a multiple of 45?
True
Is 161483 a multiple of 119?
True
Is 26684 a multiple of 28?
True
Is 5470 a multiple of 61?
False
Does 15 divide 41340?
True
Is 5 a factor of 24700?
True
Does 42 divide 126?
True
Is 23831 a multiple of 124?
False
Is 4 a factor of 1053?
False
Is 1207 a multiple of 26?
False
Is 47646 a multiple of 18?
True
Does 13 divide 13780?
True
Does 309 divide 54075?
True
Is 76 a multiple of 23?
False
Is 34300 a multiple of 14?
True
Is 21 a factor of 530?
False
Does 25 divide 5540?
False
Does 28 divide 1278?
False
Is 17911 a multiple of 19?
False
Does 35 divide 560?
True
Does 15 divide 3371?
False
Is 2028 a multiple of 11?
False
Is 1152 a multiple of 32?
True
Is 1564 a multiple of 68?
True
Is 384 a multiple of 4?
True
Is 12699 a multiple of 9?
True
Does 287 divide 23823?
False
Is 175 a factor of 1925?
True
Is 16 a factor of 14284?
False
Does 19 divide 15580?
True
Is 12 a factor of 4272?
True
Is 20 a factor of 484?
False
Is 110 a multiple of 22?
True
Does 23 divide 667?
True
Is 2270 a multiple of 183?
False
Is 102 a factor of 24276?
True
Does 5 divide 55?
True
Is 24 a factor of 7272?
True
Does 6 divide 2418?
True
Is 11858 a multiple of 30?
False
Does 9 divide 34105?
False
Is 83 a factor of 11400?
False
Is 34 a factor of 170?
True
Is 47 a factor of 1222?
True
Is 5 a factor of 14065?
True
Does 240 divide 68754?
False
Does 51 divide 12495?
True
Does 47 divide 23218?
True
Does 16 divide 464?
True
Is 38 a factor of 5898?
False
Is 100 a multiple of 3?
False
Is 13803 a multiple of 107?
True
Is 24619 a multiple of 22?
False
Does 4 divide 350?
False
Is 2480 a multiple of 15?
False
Is 15734 even?
True
Is 1120 a multiple of 28?
True
Is 84 a factor of 2886?
False
Does 6 divide 218?
False
Does 20 divide 59820?
True
Is 11 a factor of 77?
True
Is 14423 a multiple of 212?
False
Does 12 divide 1896?
True
Is 6762 a multiple of 161?
True
Is 9534 a multiple of 42?
True
Is 7906 a multiple of 116?
False
Is 133 a multiple of 64?
False
Is 1267 a multiple of 17?
False
Is 870 a multiple of 13?
False
Does 9 divide 496?
False
Is 35 a factor of 385?
True
Is 18 a factor of 2855?
False
Is 3814 a multiple of 5?
False
Is 5 a factor of 1038?
False
Is 13 a factor of 53673?
False
Is 12 a factor of 61284?
True
Does 66 divide 4185?
False
D